 = 25. Let c(v) = -v**3 - v**2 + 3*v - 2. Determine c(m).
-8
Let w(q) be the first derivative of q**3/3 + 3*q**2 - q - 4. Suppose 6*t - 7*t - 6 = 0. Give w(t).
-1
Let r be -5*(1 + 11/(-5)). Let t(p) = 7*p**3 - 5*p**2 - 2*p - 5. Let b(o) = -o + 2*o**3 + 3 + 1 - 5 - o**3. Let m(z) = r*b(z) - t(z). What is m(3)?
5
Let u(n) = 2*n - 3. Let m = 30 + -18. Let p = m + -8. What is u(p)?
5
Suppose 0 = -4*z + 3*z. Let f(h) = 12 + 2 - h - 8 + 4*h**2 + 7*h. Let y(b) = -b**2 - b - 1. Let v(c) = -f(c) - 5*y(c). What is v(z)?
-1
Let x(b) be the second derivative of 11*b**5/20 - b**4/12 + b**3/6 + b**2/2 - 41*b. Determine x(-1).
-12
Let b = 45 - 45. Let k(c) = -c + 4. Calculate k(b).
4
Let l(a) = -6 - 15*a + 4*a + 10*a + 4*a**3 - 3*a**3. Calculate l(0).
-6
Suppose 2*o = 0, 4*f = f + o. Suppose 2*n + f = -8. Let r(k) = -k**2 - 6*k - 5. Determine r(n).
3
Let d be ((-10)/(-6))/5*9. Let c(o) = -4 - 2*o**3 - 2*o**d - 6*o + 6*o**2 + 3*o**3. Determine c(5).
-9
Let z(u) = -u**3 - 4*u**2 + 5. Suppose -15 = 3*b - 2*b. Let i = -6 - 5. Let h = b - i. Give z(h).
5
Let d(l) = 2*l**2 + 4*l - 1. Let w be (-6)/(-10) - 351/(-15). Suppose 3*f + f = -w. Let o(i) = -6*i**2 - 12*i + 3. Let s(q) = f*o(q) - 17*d(q). Determine s(-3).
5
Suppose d - 6*d = -2*a + 19, 5*d = -5*a - 40. Let p(r) = -r**3 - 4*r**2 + 2*r + 5. Determine p(d).
20
Let y(j) = -5*j**2 - 4 + 8*j**2 - j**3 + 3*j + 0*j**3. Suppose 5 = a + o, 3*o - 5 = a + 6*o. Suppose 4*f = 5*r - 13, -3*r + a = -5. Determine y(f).
5
Let p be 6/160*18 - 4/6. Let h(s) be the third derivative of 0*s - 2*s**2 + 2/3*s**3 + 0 + p*s**6 - 1/8*s**4 - 1/15*s**5. Determine h(4).
-8
Let v = -18 - -25. Let g(w) = -w**3 + 8*w**2 - 8*w - 9. What is g(v)?
-16
Let z(j) = -j**2 + 8*j + 3. Let q = 0 - -8. Let d be z(q). Suppose 2*k + 0*m = 5*m + 6, 0 = -2*k - d*m + 6. Let g(a) = a**2 - a - 1. Give g(k).
5
Let l(n) = n**2 - 6*n + 3. Suppose 6 = 3*o + 3*c, -5*o + 5*c - 8 + 28 = 0. What is l(o)?
-6
Let z = 8 - 4. Suppose 0 = -4*f + 5*f - z. Let p(x) = -x**2 + 5*x + 2. What is p(f)?
6
Let m(b) = 2 + 8292*b - 8294*b - 3. Calculate m(2).
-5
Let v(w) = w - 4. Let s(b) = b**3 + 4*b**2 - b + 2. Let p be s(-4). Determine v(p).
2
Let q(m) = -m**3 - 4*m**2 + 4*m - 2. Let p(z) = -z**3 - 4*z**2 + 3*z - 1. Let j(h) = -4*p(h) + 3*q(h). What is j(-2)?
6
Let n(t) = -2*t**2 + 1 - t**3 - 4*t**2 + t + 0*t**3 + 3*t**2. What is n(-2)?
-5
Let x(z) = -z**2 - 15. Let q be x(0). Let v be q/10 + 1/2. Let w(c) = 7*c**3 - c - 1. Determine w(v).
-7
Suppose 4*b - r + 0*r - 12 = 0, 12 = -2*b + 5*r. Let a(z) = -z**2 - 7 + 7*z - b + 5. Suppose 0 = -2*i - 3*i + 20. What is a(i)?
6
Suppose 20 = 5*o + 2*j - 3*j, -4*j - 20 = 0. Let a be -4*(9/(-6))/o. Let g(c) = c**2 + 2*c - 3. Calculate g(a).
5
Let s(f) = -7*f + 78. Let l be s(11). Let g(h) = -h**3 - 2*h**2 + 1. Calculate g(l).
-2
Let v be (4 + -1)*10/6. Let g(s) be the first derivative of -s**4/12 - s**3/6 + 2*s**2 + 7. Let r(o) be the second derivative of g(o). What is r(v)?
-11
Let m(i) = 1 + 1 + 2 + i. Let s be -6 + 7 - (1 - -9). Let p be 28/(-6) + 3/s. Determine m(p).
-1
Let h(v) be the first derivative of -v**2/2 + 46. Determine h(-2).
2
Let j(g) = -5*g - g + 2*g**2 + 3 - 1. Let o(a) = 2*a**2 - 7*a + 2. Let b = 3 - -2. Let z(q) = b*j(q) - 4*o(q). Give z(2).
6
Suppose 0 = 5*h + 5, -5*s + 4*h = -s - 20. Let v(l) = -3 + l - s + 4. Give v(0).
-3
Suppose -2*a = -5*v + 25, a + 36 = 4*v + 13. Let z(n) = 4 + 6*n**3 - 5 - 3*n**2 - v*n**3 - n. Determine z(-2).
-3
Let p(z) be the second derivative of -z**3/3 + 7*z**2/2 + z. Let l(w) = -4*w + 15. Let x be 48/27 + (-6)/(-27). Let q(n) = x*l(n) - 5*p(n). Calculate q(4).
3
Let r(k) = -k**2 + 6*k - 2. Let q be r(4). Let b be 62/12 - 1/q. Let u(d) = d - 4. Give u(b).
1
Let k(q) be the first derivative of q + 1/4*q**4 - q**2 + 1 - q**3. Give k(2).
-7
Suppose -23*v = -27*v. Let a(w) = w + 6. Determine a(v).
6
Let q(z) = z**2 + z - 2. Let d be q(-2). Let r = d + 2. Let o be ((r + -3)*-4)/(-1). Let s(j) = 2*j + 2. What is s(o)?
-6
Let q = 65 - 69. Let s(k) = -k**3 - 4*k**2 - 3*k - 6. Determine s(q).
6
Let y(b) = b - 1. Let p be y(1). Suppose p = -4*d + 2*d + 6. Let n(m) be the second derivative of m**4/12 - 2*m**3/3 + m**2 - m. Give n(d).
-1
Let q(u) = 2*u**3 - u**2 + u - 1. Let f(l) = l**3 + l - 1. Let v be f(1). Calculate q(v).
1
Let i be -1*(-4)/(-10)*-10. Let n(v) = 5*v - i*v - v + v. Give n(-5).
-5
Let w(b) = 0*b**3 - 6 - b**3 + 5*b**2 + 0*b**2. Suppose 3*a + 2*r = 6, 4*a - 2*r = 1 - 7. Suppose a = -2*h - 0 + 10. Determine w(h).
-6
Let w(b) = 0 + 3 - 4 - 2*b + 3*b. Determine w(-4).
-5
Let d(m) = m**2 - m - 6. Let g be d(5). Suppose -3*j = a - 7, a + 6 - g = -4*j. Let y(k) = 3*k**2 - k - a*k**2 - 4*k + 5. Determine y(-5).
5
Let u(a) = 5*a**3 + 6*a**2 + 10*a - 3. Let t(c) = -c**3 - c**2 - c + 1. Let v(d) = 6*t(d) + u(d). Determine v(-2).
3
Let b = 8 + -1. Let x(y) = -8 - 3*y + y**2 - b + 8. What is x(5)?
3
Let i(m) be the first derivative of m**3/3 + 3*m**2 + 3*m + 4. Give i(-4).
-5
Suppose -4*h + 5 = -7. Let i(s) = -5 + 5*s + 1 + 5 + 3*s**2 - s**h. Give i(4).
5
Let z = 98 - 91. Let r(m) = -m**2 + 6*m - 1. What is r(z)?
-8
Let i(r) = 4*r + 1. Suppose 34 - 10 = -3*d. Let x = 7 + d. Determine i(x).
-3
Let w(n) = 7*n - 1. Let i be w(1). Let d(g) = g**2 - 12*g + 7. Give d(i).
-29
Let q(o) = o + 2. Suppose 2*p + 0*p - 4 = 0. Let y(s) = -2 + 1 - 90*s + 3 + 91*s. Let i be y(p). Give q(i).
6
Let q(l) be the third derivative of -l**6/120 - l**5/15 + 5*l**4/24 - 5*l**3/6 - 3*l**2. Suppose 3*r = -3 - 12. What is q(r)?
-5
Let c(o) be the third derivative of -o**9/60480 + o**8/2880 - o**7/840 - o**6/360 - o**5/60 - 3*o**2. Let v(g) be the third derivative of c(g). What is v(6)?
-2
Let r(n) = n**2 - n - 9. Suppose -4*f - 10 = f. Let d = f + 7. Suppose -d*c + 0*c = 0. Determine r(c).
-9
Let b(r) be the third derivative of -1/12*r**4 + 0*r - 1/720*r**6 + 0*r**3 + r**2 + 0 + 1/120*r**5. Let m(y) be the second derivative of b(y). What is m(-5)?
6
Let l(y) = -y**3 + 7*y**2 + 9*y - 2. Let a be 2/5 - 17/5. Let v(x) = x**3 - 6*x**2 - 8*x + 2. Let j(c) = a*v(c) - 2*l(c). Calculate j(5).
3
Suppose 5*i - 15 = 15. Let t(x) = i*x**2 - 2*x**3 - 5 - 2*x + 3*x**3 + 7*x + 1. Determine t(-5).
-4
Suppose 3*l + 10 = t - 0*l, 2*l = t - 8. Suppose 4*m - 2 = -4*y + 34, 5*m = -t*y + 39. Suppose 4*u = u + y. Let c(f) = 2*f**3 - 2*f**2 - 3*f + 3. Give c(u).
5
Let o = -8 + 5. Let d(n) = -4*n**2 - 4*n + 4. Let z(q) = 3*q**2 - 4 + 0*q + 0 + 3*q. Let g(m) = 2*d(m) + 3*z(m). What is g(o)?
2
Let i(r) be the third derivative of 0*r + 1/12*r**4 + 0 + 1/6*r**3 + r**2. Give i(1).
3
Suppose -k - 1 = -5*f + 5, 0 = 4*k - 16. Suppose -2*s - f = 2*b, s + 0*s - 4 = 0. Let i(l) = l**3 + 5*l**2 + l + 5. Calculate i(b).
0
Let q(w) = -w**3 + w**2 + 3*w - 1. Let h(f) = -3*f + 35. Let k be h(11). What is q(k)?
1
Let q(y) = 2*y**3 - 4*y**2 + 2*y + 2. Let l be ((-6)/4)/((-9)/12). Determine q(l).
6
Let d(y) = y + 6. Let m(a) = a**2 - 2*a - 1. Let n be m(2). Let v be (4 + -5)/(n/5). Suppose -2 = -v*f - 17. Give d(f).
3
Suppose 22 = 3*o + 5*d, -o = 2*d - 4 - 5. Let p(c) = 2 + 8*c - 9*c + 3 - 2. Let j(t) = 1. Let g(b) = o*p(b) - j(b). What is g(-3)?
-7
Let o(l) = -l**3 - 3*l**2 + 6*l + 6. Let n be o(-4). Let u(q) = -q**2 + 2*q + 3. Determine u(n).
-5
Let h(m) = -m**3 - 4*m**2 - 4. Let z = 9 + -6. Let q(n) = -n - 4. Let p(c) = -2*c - 7. Let a(t) = z*p(t) - 5*q(t). Let g be a(3). Give h(g).
-4
Let j(l) = 7*l**2 + 2*l - 9. Let t(u) = -u**2 + 0 + 4 - u - 3. Suppose 24 = -0*m - 4*m. Let c(i) = m*t(i) - j(i). Determine c(4).
3
Let o(j) = -3*j**2 - 18*j - 7. Let u(s) = -s**2 - 6*s - 2. Let m(v) = -4*o(v) + 11*u(v). Calculate m(-5).
1
Let g(q) = 4 - q**3 - 6*q + 3 - 7*q**2 + 0*q**3. Suppose -2*m - d = 8, -3*m - 4*d - 8 = -6. Calculate g(m).
7
Let o(r) = 21*r + 4 + 4*r**2 - 5*r**2 - 19*r. Give o(4).
-4
Let x(l) = -3*l - 3. Let i = -86 - -94. Give x(i).
-27
Let w(x) = -2*x - 3. Let c = -7 + 3. Let h = -1 - c. Suppose h*b - g + 13 = 0, -2*b - 4*g = b + 8. Determine w(b).
5
Let x = -13 - -28. Let v be (48/x)/((-6)/(-15)). Let q(y) = y - 5. Calculate q(v).
3
Let r = -31 - -373/12. Let v(c) be the third derivative of -1/6*c**3 + 0 - r*c**4 - 7/60*c**5 + 0*c + c**2. Calculate v(-1).
-6
Let x be ((-5)/((-2)/2))/(-1). Let c be 0 + -3 - (x - -8). Let z(s) = s**2 + 6*s - 1. Calculat